a + -f?
cd1a1b
In base 9, what is -241362130 + -2?
-241362132
In base 5, what is -1332023132 + 0?
-1332023132
In base 15, what is bace6 + -b4?
bac32
In base 4, what is -10000012331220 - 11?
-10000012331231
In base 5, what is 14 - 21420244333?
-21420244314
In base 14, what is 36289 - 58a?
35add
In base 3, what is -212102201022 + -12211?
-212102221010
In base 7, what is 1013223125 - 0?
1013223125
In base 10, what is -16966981 - -3?
-16966978
In base 2, what is 100111011100111 - 11110001?
100110111110110
In base 9, what is -67658 + -453?
-68222
In base 3, what is -100 - 11202222101011122?
-11202222101011222
In base 5, what is 12 + 1340230200?
1340230212
In base 3, what is 102121200212220 + -121?
102121200212022
In base 12, what is -194 - -8564b6?
856322
In base 15, what is 188268b5 - 5?
188268b0
In base 14, what is -c5d82 - -4c?
-c5d34
In base 5, what is -24 - -1101003220?
1101003141
In base 16, what is 11f0 - -dda?
1fca
In base 3, what is -1010012112 + -2101002?
-1012120121
In base 9, what is -4174801 + 2?
-4174788
In base 2, what is 100 - 100010010011101101100111?
-100010010011101101100011
In base 2, what is 110000000001011010101 - 101101101?
110000000000101101000
In base 8, what is 1103113 - 37?
1103054
In base 12, what is 142a + -b458?
-a02a
In base 13, what is -b493583 - -9?
-b493577
In base 14, what is 28d7580 - 4?
28d757a
In base 9, what is -5830880 + 16?
-5830863
In base 15, what is -1 - -1e0ae0?
1e0ade
In base 2, what is 1111001010101010010 + -11?
1111001010101001111
In base 3, what is 111221102220 - -2021?
111221112011
In base 15, what is -104c - bb93?
-cbe0
In base 12, what is 0 + 28696b7?
28696b7
In base 7, what is -2442323643 + -1?
-2442323644
In base 6, what is 43143200500 + -1?
43143200455
In base 4, what is -31000203 + 2223?
-30331320
In base 15, what is -152a + 58e8?
43bd
In base 12, what is 7 - b10078?
-b10071
In base 5, what is 4 - -41043141342?
41043141401
In base 12, what is -41852 - -1a8?
-41666
In base 15, what is 55 + a9a6?
aa0b
In base 3, what is 12122012101122 + -1?
12122012101121
In base 16, what is -23e1b5d + 1?
-23e1b5c
In base 16, what is 31 - 2d8f7?
-2d8c6
In base 4, what is -213303 - 21300013?
-22113322
In base 6, what is 20 - 154334404?
-154334344
In base 3, what is 12121 - 1120020000?
-1120000102
In base 13, what is a3 + -1578b?
-156b8
In base 8, what is -32 - -1566166?
1566134
In base 10, what is -426 + 243648?
243222
In base 10, what is -1862708 - -97?
-1862611
In base 16, what is 53277 - 72?
53205
In base 4, what is 12011202302 - 30?
12011202212
In base 11, what is -1332103 - 5?
-1332108
In base 7, what is -1250431413 + -3?
-1250431416
In base 4, what is -2013303 + -10112?
-2030021
In base 2, what is -10011010100 - 100001111001?
-110101001101
In base 14, what is 13b + -357d?
-3442
In base 3, what is 1220222021201222 + -12?
1220222021201210
In base 6, what is -201311 + -3412?
-205123
In base 9, what is 2731883 + -373?
2731510
In base 4, what is -1 + 22230231320?
22230231313
In base 15, what is 118a - 371d?
-2583
In base 14, what is -173 + 20631?
2049c
In base 6, what is -311 + 4?
-303
In base 14, what is -18342 + 1dd9?
-16347
In base 15, what is 362 - 9561a?
-952a8
In base 11, what is 10089437 - 5?
10089432
In base 11, what is -195 - 60418?
-60602
In base 5, what is -2240244 - -30444?
-2204300
In base 15, what is 76eddea + -1?
76edde9
In base 10, what is 19471730 + -5?
19471725
In base 13, what is -3 + 53c9a05?
53c9a02
In base 16, what is -25 + -221330?
-221355
In base 3, what is 20211201102222011 - 12?
20211201102221222
In base 10, what is -17 + 449758?
449741
In base 8, what is -15161 + -12562?
-27743
In base 6, what is -522 + 325030?
324104
In base 9, what is -2 + -2532561?
-2532563
In base 6, what is -15021143 + 3143?
-15014000
In base 9, what is -13 + 100861071?
100861057
In base 14, what is -4a0c507 + -2?
-4a0c509
In base 7, what is -4665 + 3210?
-1455
In base 9, what is 7358 + 1212?
8571
In base 13, what is -71c4c6b7 + 5?
-71c4c6b2
In base 6, what is -134 + 34224?
34050
In base 16, what is -2 + 346101f?
346101d
In base 6, what is -14 - 2010402453?
-2010402511
In base 5, what is 1033 - -140320144?
140321232
In base 5, what is 2442024 - -1312?
2443341
In base 16, what is -195d8 + -579?
-19b51
In base 3, what is 2010022200110 + 11212?
2010022212022
In base 3, what is -102002 + -1012012202011?
-1012020011020
In base 8, what is -23 + -6257614?
-6257637
In base 14, what is -4694 - 113c?
-57d2
In base 15, what is -344 - b89?
-ecd
In base 14, what is 2 + -b692c5?
-b692c3
In base 2, what is -100 - -1000100101011101001111?
1000100101011101001011
In base 3, what is 2101112 + 10102200212?
10112002101
In base 3, what is 102000221002 + 220010?
102001211012
In base 7, what is -25346104 - 13?
-25346120
In base 7, what is -4 + 121044005?
121044001
In base 8, what is -214 - -6154247?
6154033
In base 5, what is 1114 - 111342?
-110223
In base 14, what is aad - 1461?
-792
In base 3, what is -10101202121 - -20?
-10101202101
In base 7, what is 10010526 - -15?
10010544
In base 10, what is 7617424 - 3?
7617421
In base 13, what is 16004c5 + -31?
1600494
In base 15, what is -86a - -9abd?
9253
In base 16, what is -602 + 24024?
23a22
In base 13, what is b370cb - 30?
b3709b
In base 4, what is 213011320 - -1301?
213013221
In base 3, what is 111122200000221 - 0?
111122200000221
In base 13, what is 299a71 + 93?
299b34
In base 4, what is -1220331302 + -322?
-1220332230
In base 15, what is 23a16c + -8?
23a164
In base 16, what is 516 - -b2a7?
b7bd
In base 11, what is -65 - 50568?
-50622
In base 11, what is -393463 + -11?
-393474
In base 12, what is -134a5 - 807?
-140b0
In base 7, what is 233245 + 135?
233413
In base 4, what is 213323011 - -12330?
220002001
In base 14, what is 5 - 10891568?
-10891563
In base 8, what is -5322 - -132466?
125144
In base 4, what is -1032022 + 2220103?
1122021
In base 7, what is -16146 + 2213?
-13633
In base 11, what is 2258 - 51?
2207
In base 5, what is -4433 + 32012?
22024
In base 9, what is -306302 - -20?
-306272
In base 5, what is 3 + 444333444?
444334002
In base 12, what is -18b953 + 47?
-18b908
In base 12, what is 54a970 + -1?
54a96b
In base 8, what is -3 - -11504227?
11504224
In base 4, what is 20211102222 - 1?
20211102221
In base 10, what is -49767385 + -4?
-49767389
In base 8, what is 17533 - 1631?
15702
In base 8, what is -5 - 10630603?
-10630610
In base 16, what is -27cf + -518d?
-795c
In base 9, what is 741263 + -56?
741206
In base 7, what is 4650531 + -3?
4650525
In base 3, what is -21110122011222 + -11?
-21110122012010
In base 12, what is 5b45 - -11640?
17585
In base 12, what is 27b06 + -72?
27a54
In base 7, what is -13 - -20532532?
20532516
In base 5, what is 40 + 324313014?
324313104
In base 14, what is 0 - 355387?
-355387
In base 4, what is -3000200 - -12333?
-2321201
In base 3, what is 2 + -10010122221110022?
-10010122221110020
In base 4, what is 3 + -1202303121310?
-1202303121301
In base 16, what is -9070 + -55?
-90c5
In base 9, what is -3832 + -148073?
-153015
In base 13, what is 11 - -37495?
374a6
In base 14, what is 64b7 + 259c1?
2c098
In base 14, what is -17b259 + -637?
-17b892
In base 10, what is -32 - -3224005?
3223973
In base 14, what is 7234 + 2c8?
751c
In base 6, what is 241224241 + -52?
241224145
In base 6, what is 4234004 - -21551?
4255555
In base 14, what is -174a5b - d?
-174a6a
In base 7, what is 61306 - 6603?
51403
In base 3, what is 100201 - 122111102110?
-122111001202
In base 5, what is 1 - 123331202402?
-123331202401
In base 3, what is -102121000100 - 102111?
-102121102211
In base 10, what is 475 + 187531?
188006
In base 7, what is -131 + -3103431?
-3103562
In base 8, what is -20763 + -43?
-21026
In base 8, what is -654342123 + -4?
-654342127
In base 12, what is 1a5 + 4b001?
4b1a6
In base 11, what is 150609a - 2a1?
15058a9
In base 15, what is -4bae9 - 14?
-4bb0d
In base 9, what is -5 + -471147?
-471153
In base 3, what is 202 + 10200012210111?
10200012211020
In base 5, what is -422 + -10421033?
-10422010
In base 7, what is -1 - -5302341?
5302340
In base 8, what is 2004046 + 50?
2004116
In base 8, what is -2462221 + -1?
-2462222
In base 10, what is -6784906 + -29?
-6784935
In base 14, what is 33c8 - -11cb0?
15298
In base 9, what is -6 + -1867664?
-1867671
In base 8, what is